What is the ten thousands digit of 434003?
3
What is the tens digit of 621621?
2
What is the ten thousands digit of 1019291?
1
What is the hundreds digit of 17706?
7
What is the tens digit of 14349381?
8
What is the hundred thousands digit of 678446?
6
What is the ten thousands digit of 1306584?
0
What is the hundreds digit of 5624823?
8
What is the tens digit of 1756290?
9
What is the thousands digit of 747542?
7
What is the hundreds digit of 524336?
3
What is the units digit of 5073?
3
What is the hundreds digit of 1017464?
4
What is the thousands digit of 14397687?
7
What is the units digit of 2480012?
2
What is the tens digit of 8312830?
3
What is the tens digit of 855832?
3
What is the hundred thousands digit of 12928645?
9
What is the tens digit of 2507964?
6
What is the hundreds digit of 26665225?
2
What is the hundreds digit of 51971?
9
What is the tens digit of 26091053?
5
What is the units digit of 3149449?
9
What is the millions digit of 9523601?
9
What is the thousands digit of 918607?
8
What is the tens digit of 179550?
5
What is the ten thousands digit of 161805?
6
What is the tens digit of 2869550?
5
What is the units digit of 522887?
7
What is the hundred thousands digit of 229342?
2
What is the units digit of 4993644?
4
What is the units digit of 5726119?
9
What is the units digit of 7891?
1
What is the ten thousands digit of 10815834?
1
What is the hundreds digit of 16419283?
2
What is the ten thousands digit of 10690877?
9
What is the units digit of 6280770?
0
What is the tens digit of 347409?
0
What is the tens digit of 9259766?
6
What is the hundreds digit of 767450?
4
What is the hundred thousands digit of 174294?
1
What is the thousands digit of 17091899?
1
What is the units digit of 10748539?
9
What is the millions digit of 6351763?
6
What is the tens digit of 2580368?
6
What is the tens digit of 1855473?
7
What is the tens digit of 1770810?
1
What is the tens digit of 233967?
6
What is the hundreds digit of 16527145?
1
What is the millions digit of 6962264?
6
What is the ten millions digit of 14123729?
1
What is the ten thousands digit of 23214618?
1
What is the tens digit of 1124238?
3
What is the hundred thousands digit of 241722?
2
What is the ten thousands digit of 88225?
8
What is the units digit of 540357?
7
What is the tens digit of 165473?
7
What is the hundred thousands digit of 1201361?
2
What is the ten thousands digit of 123565?
2
What is the units digit of 7367184?
4
What is the millions digit of 1810110?
1
What is the thousands digit of 330001?
0
What is the millions digit of 1233024?
1
What is the units digit of 7204478?
8
What is the hundreds digit of 26135145?
1
What is the units digit of 659530?
0
What is the units digit of 19917?
7
What is the hundred thousands digit of 221802?
2
What is the ten thousands digit of 4713703?
1
What is the tens digit of 15892068?
6
What is the ten millions digit of 15223466?
1
What is the ten thousands digit of 172163?
7
What is the ten thousands digit of 6948401?
4
What is the thousands digit of 5397171?
7
What is the ten thousands digit of 4686006?
8
What is the tens digit of 210625?
2
What is the tens digit of 883866?
6
What is the hundreds digit of 404859?
8
What is the hundred thousands digit of 2325324?
3
What is the hundreds digit of 284604?
6
What is the hundred thousands digit of 5599873?
5
What is the ten thousands digit of 16766755?
6
What is the tens digit of 8718?
1
What is the ten millions digit of 13510413?
1
What is the units digit of 1492615?
5
What is the hundreds digit of 511547?
5
What is the hundred thousands digit of 213109?
2
What is the tens digit of 373859?
5
What is the thousands digit of 1898736?
8
What is the units digit of 57178?
8
What is the ten thousands digit of 6388788?
8
What is the millions digit of 2445829?
2
What is the tens digit of 19210789?
8
What is the hundreds digit of 382911?
9
What is the tens digit of 39490?
9
What is the ten thousands digit of 269744?
6
What is the millions digit of 2095752?
2
What is the thousands digit of 623490?
3
What is the units digit of 809305?
5
What is the units digit of 1794489?
9
What is the thousands digit of 1089379?
9
What is the units digit of 35295263?
3
What is the hundred thousands digit of 7472090?
4
What is the ten thousands digit of 12472510?
7
What is the ten thousands digit of 26044561?
4
What is the ten thousands digit of 401050?
0
What is the units digit of 33380?
0
What is the tens digit of 235463?
6
What is the units digit of 6378467?
7
What is the tens digit of 6409?
0
What is the ten thousands digit of 589195?
8
What is the tens digit of 14839995?
9
What is the units digit of 4564814?
4
What is the hundred thousands digit of 8188761?
1
What is the thousands digit of 3245429?
5
What is the units digit of 496713?
3
What is the units digit of 13359?
9
What is the tens digit of 1548862?
6
What is the ten thousands digit of 3519986?
1
What is the hundred thousands digit of 553259?
5
What is the thousands digit of 358161?
8
What is the units digit of 143684?
4
What is the millions digit of 6797177?
6
What is the units digit of 9285780?
0
What is the tens digit of 113728?
2
What is the tens digit of 8461429?
2
What is the thousands digit of 2743022?
3
What is the ten thousands digit of 172894?
7
What is the thousands digit of 351425?
1
What is the ten thousands digit of 538645?
3
What is the ten thousands digit of 10341277?
4
What is the hundreds digit of 953691?
6
What is the ten thousands digit of 223945?
2
What is the tens digit of 7335941?
4
What is the tens digit of 1366125?
2
What is the units digit of 447422?
2
What is the hundred thousands digit of 3368504?
3
What is the units digit of 1372881?
1
What is the thousands digit of 2602774?
2
What is the units digit of 4599905?
5
What is the units digit of 255226?
6
What is the units digit of 951083?
3
What is the millions digit of 1114985?
1
What is the thousands digit of 1716583?
6
What is the hundreds digit of 313348?
3
What is the hundred thousands digit of 6724786?
7
What is the hundred thousands digit of 439530?
4
What is the units digit of 589759?
9
What is the hundreds digit of 225925?
9
What is the thousands digit of 1769445?
9
What is the hundred thousands digit of 182011?
1
What is the hundreds digit of 201511?
5
What is the ten thousands digit of 893142?
9
What is the hundred thousands digit of 344425?
3
What is the ten millions digit of 11185544?
1
What is the hundreds digit of 7738343?
3
What is the ten thousands digit of 5094628?
9
What is the thousands digit of 3152070?
2
What is the ten thousands digit of 1057201?
5
What is the tens digit of 1571791?
9
What is the tens digit of 50620?
2
What is the tens digit of 675585?
8
What is the hundred thousands digit of 3672720?
6
What is the thousands digit of 8180211?
0
What is the ten thousands digit of 7211668?
1
What is the tens digit of 3691661?
6
What is the tens digit of 11120652?
5
What is the ten millions digit of 15719983?
1
What is the hundreds digit of 24051248?
2
What is the hundred thousands digit of 3811270?
8
What is the hundreds digit of 203180?
1
What is the tens digit of 4168065?
6
What is the ten thousands digit of 233095?
3
What is the hundreds digit of 928260?
2
What is the hundred thousands digit of 3027728?
0
What is the thousands digit of 7115?
7
What is the thousands digit of 12111316?
1
What is the ten thousands digit of 205125?
0
What is the units digit of 2329122?
2
What is the thousands digit of 1887232?
7
What is the hundred thousands digit of 301372?
3
What is the tens digit of 16404688?
8
What is the thousands digit of 10569163?
9
What is the millions digit of 1209988?
1
What is the thousands digit of 5175440?
5
What is the ten thousands digit of 258188?
5
What is the thousands digit of 60053?
0
What is the thousands digit of 5977430?
7
What is the units digit of 226312?
2
What is the ten thousands digit of 317415?
1
What is the units digit of 247912?
2
What is the tens digit of 3325916?
1
What is the ten thousands digit of 503259?
0
What is the hundred thousands digit of 231194?
2
What is the ten thousands digit of 810794?
1
What is the thousands digit of 404713?
4
What is the tens digit of 111132?
3
What is the ten thousands digit of 